{"id":202,"date":"2022-06-07T17:06:07","date_gmt":"2022-06-07T17:06:07","guid":{"rendered":"https:\/\/parkon.ch\/fr\/?page_id=202"},"modified":"2025-05-15T08:47:43","modified_gmt":"2025-05-15T07:47:43","slug":"domaine-dintervention","status":"publish","type":"page","link":"https:\/\/parkon.ch\/fr\/domaine-dintervention\/","title":{"rendered":"Domaine d&rsquo;intervention"},"content":{"rendered":"\n\t<section class=\"section has-parallax\" id=\"section_921623871\">\n\t\t<div class=\"bg section-bg fill bg-fill  \" data-parallax-container=\".section\" data-parallax-background data-parallax=\"-1\">\n\n\t\t\t\n\t\t\t\n\t\t\t\n\n\t\t<\/div>\n\n\t\t\n\n\t\t<div class=\"section-content relative\">\n\t\t\t\n\n<div class=\"row align-bottom\"  id=\"row-1895172753\">\n\n\n\t<div id=\"col-2073686839\" class=\"col small-12 large-12\"  >\n\t\t\t\t<div class=\"col-inner text-left\"  >\n\t\t\t\n\t\t\t\n\n\t<div id=\"text-2339819661\" class=\"text\">\n\t\t\n\n<h1>Domaine d&rsquo;intervention<\/h1>\n\t\t\n<style>\n#text-2339819661 {\n  color: rgb(244, 95, 2);\n}\n#text-2339819661 > * {\n  color: rgb(244, 95, 2);\n}\n<\/style>\n\t<\/div>\n\t\n\n\t\t<\/div>\n\t\t\t\t\t<\/div>\n\n\t\n\n<\/div>\n\n\t\t<\/div>\n\n\t\t\n<style>\n#section_921623871 {\n  padding-top: 30px;\n  padding-bottom: 30px;\n  min-height: 25rem;\n}\n#section_921623871 .section-bg.bg-loaded {\n  background-image: url(https:\/\/parkon.ch\/fr\/wp-content\/uploads\/sites\/2\/2022\/06\/header_parkon_sicherheitsdienste_01.png);\n}\n#section_921623871 .section-bg {\n  background-position: bottom;\n}\n<\/style>\n\t<\/section>\n\t\n\t<section class=\"section\" id=\"section_1509083117\">\n\t\t<div class=\"bg section-bg fill bg-fill  bg-loaded\" >\n\n\t\t\t\n\t\t\t\n\t\t\t\n\n\t\t<\/div>\n\n\t\t\n\n\t\t<div class=\"section-content relative\">\n\t\t\t\n\n\t<div id=\"gap-1088476395\" class=\"gap-element clearfix\" style=\"display:block; height:auto;\">\n\t\t\n<style>\n#gap-1088476395 {\n  padding-top: 4rem;\n}\n<\/style>\n\t<\/div>\n\t\n\n<div class=\"row align-middle\"  id=\"row-2110897889\">\n\n\n\t<div id=\"col-1302108521\" class=\"col medium-6 small-12 large-6\"  >\n\t\t\t\t<div class=\"col-inner\"  >\n\t\t\t\n\t\t\t\n\n<h2>Nous sommes sur place pour vous,<\/h2>\n<p>pour r\u00e9gler les divers litiges et d\u00e9sagr\u00e9ments qui pourraient se poser sur place.<br \/>Nous nous engageons l\u00e0 o\u00f9 l&rsquo;on a besoin de nous, et cela de fa\u00e7on PROFESSIONELLE.<\/p>\n<p>Nous sommes principalement actifs dans les r\u00e9gions de Suisse al\u00e9manique indiqu\u00e9es sur la carte. Mais gr\u00e2ce \u00e0 notre flexibilit\u00e9, nous sommes ouverts \u00e0 des interventions dans toute la Suisse n\u2019h\u00e9sitez pas \u00e0 nous contacter.<\/p>\n\n\t\t<\/div>\n\t\t\t\t\t<\/div>\n\n\t\n\n\t<div id=\"col-1647611803\" class=\"col medium-6 small-12 large-6\"  >\n\t\t\t\t<div class=\"col-inner\" style=\"background-color:rgb(57, 57, 57);\" >\n\t\t\t\n\t\t\t\n\n\t<div id=\"text-922354407\" class=\"text\">\n\t\t\n\n<p>Domaines d&rsquo;intervention<\/p>\n<ul>\n<li>Argovie<\/li>\n<li>Appenzell Rhodes-Ext\u00e9rieures<\/li>\n<li>Appenzell Rhodes-Int\u00e9rieures<\/li>\n<li>B\u00e2le-Campagne<\/li>\n<li>B\u00e2le-Ville<\/li>\n<li>Berne<\/li>\n<li>Fribourg<\/li>\n<li>Gen\u00e8ve\u00a0<\/li>\n<li>Glaris<\/li>\n<li>Grisons<\/li>\n<li>Jura<\/li>\n<li>Lucerne<\/li>\n<li>Neuch\u00e2tel<\/li>\n<li>Nidwald<\/li>\n<li>Obwald<\/li>\n<li>Schaffhouse<\/li>\n<li>Schwytz<\/li>\n<li>Soleure<\/li>\n<li>Saint-Gall<\/li>\n<li>Thurgovie<\/li>\n<li>Uri<\/li>\n<li>Vaud<\/li>\n<li>Valais<\/li>\n<li>Zoug<\/li>\n<li>Zurich<\/li>\n<\/ul>\n\t\t\n<style>\n#text-922354407 {\n  color: rgb(255, 255, 255);\n}\n#text-922354407 > * {\n  color: rgb(255, 255, 255);\n}\n<\/style>\n\t<\/div>\n\t\n\n\t\t<\/div>\n\t\t\t\t\n<style>\n#col-1647611803 > .col-inner {\n  padding: 2.0rem 2.0rem 2.0rem 2.0rem;\n}\n<\/style>\n\t<\/div>\n\n\t\n\n<\/div>\n\t<div id=\"gap-756283275\" class=\"gap-element clearfix\" style=\"display:block; height:auto;\">\n\t\t\n<style>\n#gap-756283275 {\n  padding-top: 4rem;\n}\n<\/style>\n\t<\/div>\n\t\n\n\n\t\t<\/div>\n\n\t\t\n<style>\n#section_1509083117 {\n  padding-top: 30px;\n  padding-bottom: 30px;\n}\n<\/style>\n\t<\/section>\n\t\n\t<section class=\"section\" id=\"section_1526682928\">\n\t\t<div class=\"bg section-bg fill bg-fill  bg-loaded\" >\n\n\t\t\t\n\t\t\t\n\t\t\t\n\n\t\t<\/div>\n\n\t\t\n\n\t\t<div class=\"section-content relative\">\n\t\t\t\n\n<div class=\"row\"  id=\"row-1591723953\">\n\n\n\t<div id=\"col-2085095005\" class=\"col small-12 large-12\"  >\n\t\t\t\t<div class=\"col-inner\"  >\n\t\t\t\n\t\t\t\n\n\t<div class=\"img has-hover x md-x lg-x y md-y lg-y\" id=\"image_1824322346\">\n\t\t\t\t\t\t\t\t<div class=\"img-inner dark\" >\n\t\t\t<img loading=\"lazy\" decoding=\"async\" width=\"1020\" height=\"647\" src=\"https:\/\/parkon.ch\/fr\/wp-content\/uploads\/sites\/2\/2025\/01\/Bild2-1024x650.png\" class=\"attachment-large size-large\" alt=\"\" srcset=\"https:\/\/parkon.ch\/fr\/wp-content\/uploads\/sites\/2\/2025\/01\/Bild2-1024x650.png 1024w, https:\/\/parkon.ch\/fr\/wp-content\/uploads\/sites\/2\/2025\/01\/Bild2-300x190.png 300w, https:\/\/parkon.ch\/fr\/wp-content\/uploads\/sites\/2\/2025\/01\/Bild2-768x487.png 768w, https:\/\/parkon.ch\/fr\/wp-content\/uploads\/sites\/2\/2025\/01\/Bild2.png 1497w\" sizes=\"(max-width: 1020px) 100vw, 1020px\" \/>\t\t\t\t\t\t\n\t\t\t\t\t<\/div>\n\t\t\t\t\t\t\t\t\n<style>\n#image_1824322346 {\n  width: 100%;\n}\n<\/style>\n\t<\/div>\n\t\n\n\n\t\t<\/div>\n\t\t\t\t\t<\/div>\n\n\t\n\n<\/div>\n\n\t\t<\/div>\n\n\t\t\n<style>\n#section_1526682928 {\n  padding-top: 30px;\n  padding-bottom: 30px;\n}\n<\/style>\n\t<\/section>\n\t\n\t<section class=\"section\" id=\"section_1370347331\">\n\t\t<div class=\"bg section-bg fill bg-fill  bg-loaded\" >\n\n\t\t\t\n\t\t\t\n\t\t\t\n\n\t\t<\/div>\n\n\t\t\n\n\t\t<div class=\"section-content relative\">\n\t\t\t\n\n<h2 style=\"text-align: center\">T\u00e9moignages de certains de nos clients<\/h2>\n<div class=\"row align-center\"  id=\"row-1420749359\">\n\n\n\t<div id=\"col-1423221891\" class=\"col medium-4 small-12 large-4\"  >\n\t\t\t\t<div class=\"col-inner\"  >\n\t\t\t\n\t\t\t\n\n\t<div class=\"img has-hover x md-x lg-x y md-y lg-y\" id=\"image_945190020\">\n\t\t\t\t\t\t\t\t<div class=\"img-inner dark\" >\n\t\t\t<img loading=\"lazy\" decoding=\"async\" width=\"316\" height=\"178\" src=\"https:\/\/parkon.ch\/fr\/wp-content\/uploads\/sites\/2\/2022\/06\/Logo_Sportanlage_Erlen-1.png\" class=\"attachment-large size-large\" alt=\"\" srcset=\"https:\/\/parkon.ch\/fr\/wp-content\/uploads\/sites\/2\/2022\/06\/Logo_Sportanlage_Erlen-1.png 316w, https:\/\/parkon.ch\/fr\/wp-content\/uploads\/sites\/2\/2022\/06\/Logo_Sportanlage_Erlen-1-300x169.png 300w\" sizes=\"(max-width: 316px) 100vw, 316px\" \/>\t\t\t\t\t\t\n\t\t\t\t\t<\/div>\n\t\t\t\t\t\t\t\t\n<style>\n#image_945190020 {\n  width: 100%;\n}\n<\/style>\n\t<\/div>\n\t\n\n\t<div id=\"text-2830056071\" class=\"text\">\n\t\t\n\n<h4>Centre sportif d&rsquo;Erlen<\/h4>\n\t\t\n<style>\n#text-2830056071 {\n  text-align: center;\n}\n<\/style>\n\t<\/div>\n\t\n\t<div id=\"text-2228108611\" class=\"text\">\n\t\t\n\n<p>Sympathique et professionnel &#8211; Gr\u00e2ce \u00e0 Parkon, notre r\u00e8glement de parking est appliqu\u00e9 de mani\u00e8re professionnelle, sans attiser de conflits potentiels entre nos clients et nos collaborateurs.<\/p>\n<p>Nous sommes heureux que ce partenariat fonctionne aussi bien et de cette fa\u00e7on claire et simple, cela nous permet de nous occuper de nos activit\u00e9s principales, le reste \u00e9tant ainsi g\u00e9r\u00e9 par la Soci\u00e9t\u00e9 Parkon.<\/p>\n\t\t\n<style>\n#text-2228108611 {\n  text-align: center;\n}\n<\/style>\n\t<\/div>\n\t\n\n\t\t<\/div>\n\t\t\t\t\n<style>\n#col-1423221891 > .col-inner {\n  padding: 1rem 1rem 1rem 1rem;\n}\n<\/style>\n\t<\/div>\n\n\t\n\n\t<div id=\"col-342464194\" class=\"col medium-4 small-12 large-4\"  >\n\t\t\t\t<div class=\"col-inner\"  >\n\t\t\t\n\t\t\t\n\n\t<div class=\"img has-hover x md-x lg-x y md-y lg-y\" id=\"image_1400872500\">\n\t\t\t\t\t\t\t\t<div class=\"img-inner dark\" >\n\t\t\t<img loading=\"lazy\" decoding=\"async\" width=\"316\" height=\"178\" src=\"https:\/\/parkon.ch\/fr\/wp-content\/uploads\/sites\/2\/2022\/06\/Logo_Bad_Schinznach-1.png\" class=\"attachment-large size-large\" alt=\"\" srcset=\"https:\/\/parkon.ch\/fr\/wp-content\/uploads\/sites\/2\/2022\/06\/Logo_Bad_Schinznach-1.png 316w, https:\/\/parkon.ch\/fr\/wp-content\/uploads\/sites\/2\/2022\/06\/Logo_Bad_Schinznach-1-300x169.png 300w\" sizes=\"(max-width: 316px) 100vw, 316px\" \/>\t\t\t\t\t\t\n\t\t\t\t\t<\/div>\n\t\t\t\t\t\t\t\t\n<style>\n#image_1400872500 {\n  width: 100%;\n}\n<\/style>\n\t<\/div>\n\t\n\n\t<div id=\"text-1037629805\" class=\"text\">\n\t\t\n\n<h4>Bad Schninznach<\/h4>\n\t\t\n<style>\n#text-1037629805 {\n  text-align: center;\n}\n<\/style>\n\t<\/div>\n\t\n\t<div id=\"text-1887354646\" class=\"text\">\n\t\t\n\n<p>L&rsquo;application de Parkon (contr\u00f4le de nos diff\u00e9rents parkings) nous donne la possibilit\u00e9 de faire respecter le r\u00e8glement de stationnement sur notre site.<\/p>\n<p>Elle est tr\u00e8s simple d&rsquo;utilisation et, gr\u00e2ce \u00e0 cette possibilit\u00e9 de saisir des images (v\u00e9hicules, lieux, sites) et d&rsquo;attribuer directement le formulaire de d\u00e9dommagement (UE) saisi au moyen d&rsquo;un code QR, la situation de d\u00e9part est claire et ne n\u00e9cessite pas de clarifications suppl\u00e9mentaires.<\/p>\n\t\t\n<style>\n#text-1887354646 {\n  text-align: center;\n}\n<\/style>\n\t<\/div>\n\t\n\n\t\t<\/div>\n\t\t\t\t\n<style>\n#col-342464194 > .col-inner {\n  padding: 1rem 1rem 1rem 1rem;\n}\n<\/style>\n\t<\/div>\n\n\t\n\n<\/div>\n\n\t\t<\/div>\n\n\t\t\n<style>\n#section_1370347331 {\n  padding-top: 30px;\n  padding-bottom: 30px;\n}\n<\/style>\n\t<\/section>\n\t\n\t<section class=\"section\" id=\"section_861409244\">\n\t\t<div class=\"bg section-bg fill bg-fill  \" >\n\n\t\t\t\n\t\t\t\n\t\t\t\n\n\t\t<\/div>\n\n\t\t\n\n\t\t<div class=\"section-content relative\">\n\t\t\t\n\n\n\t\t<\/div>\n\n\t\t\n<style>\n#section_861409244 {\n  padding-top: 30px;\n  padding-bottom: 30px;\n  min-height: 20rem;\n}\n#section_861409244 .section-bg.bg-loaded {\n  background-image: url(https:\/\/parkon.ch\/fr\/wp-content\/uploads\/sites\/2\/2022\/06\/image4.png);\n}\n<\/style>\n\t<\/section>\n\t\n\n","protected":false},"excerpt":{"rendered":"","protected":false},"author":1,"featured_media":0,"parent":0,"menu_order":0,"comment_status":"closed","ping_status":"closed","template":"page-blank.php","meta":{"footnotes":""},"_links":{"self":[{"href":"https:\/\/parkon.ch\/fr\/wp-json\/wp\/v2\/pages\/202"}],"collection":[{"href":"https:\/\/parkon.ch\/fr\/wp-json\/wp\/v2\/pages"}],"about":[{"href":"https:\/\/parkon.ch\/fr\/wp-json\/wp\/v2\/types\/page"}],"author":[{"embeddable":true,"href":"https:\/\/parkon.ch\/fr\/wp-json\/wp\/v2\/users\/1"}],"replies":[{"embeddable":true,"href":"https:\/\/parkon.ch\/fr\/wp-json\/wp\/v2\/comments?post=202"}],"version-history":[{"count":20,"href":"https:\/\/parkon.ch\/fr\/wp-json\/wp\/v2\/pages\/202\/revisions"}],"predecessor-version":[{"id":1460,"href":"https:\/\/parkon.ch\/fr\/wp-json\/wp\/v2\/pages\/202\/revisions\/1460"}],"wp:attachment":[{"href":"https:\/\/parkon.ch\/fr\/wp-json\/wp\/v2\/media?parent=202"}],"curies":[{"name":"wp","href":"https:\/\/api.w.org\/{rel}","templated":true}]}}

<section class="section has-parallax" id="section_921623871">
		<div class="bg section-bg fill bg-fill  " data-parallax-container=".section" data-parallax-background data-parallax="-1">

			
			
			

		</div>

		

		<div class="section-content relative">
			

<div class="row align-bottom"  id="row-1895172753">


	<div id="col-2073686839" class="col small-12 large-12"  >
				<div class="col-inner text-left"  >
			
			

	<div id="text-2339819661" class="text">
		

<h1>Domaine d&rsquo;intervention</h1>
		
<style>
#text-2339819661 {
  color: rgb(244, 95, 2);
}
#text-2339819661 > * {
  color: rgb(244, 95, 2);
}
</style>
	</div>
	

		</div>
					</div>

	

</div>

		</div>

		
<style>
#section_921623871 {
  padding-top: 30px;
  padding-bottom: 30px;
  min-height: 25rem;
}
#section_921623871 .section-bg.bg-loaded {
  background-image: url(https://parkon.ch/fr/wp-content/uploads/sites/2/2022/06/header_parkon_sicherheitsdienste_01.png);
}
#section_921623871 .section-bg {
  background-position: bottom;
}
</style>
	</section>
	
	<section class="section" id="section_1509083117">
		<div class="bg section-bg fill bg-fill  bg-loaded" >

			
			
			

		</div>

		

		<div class="section-content relative">
			

	<div id="gap-1088476395" class="gap-element clearfix" style="display:block; height:auto;">
		
<style>
#gap-1088476395 {
  padding-top: 4rem;
}
</style>
	</div>
	

<div class="row align-middle"  id="row-2110897889">


	<div id="col-1302108521" class="col medium-6 small-12 large-6"  >
				<div class="col-inner"  >
			
			

<h2>Nous sommes sur place pour vous,</h2>
<p>pour régler les divers litiges et désagréments qui pourraient se poser sur place.<br />Nous nous engageons là où l&rsquo;on a besoin de nous, et cela de façon PROFESSIONELLE.</p>
<p>Nous sommes principalement actifs dans les régions de Suisse alémanique indiquées sur la carte. Mais grâce à notre flexibilité, nous sommes ouverts à des interventions dans toute la Suisse n’hésitez pas à nous contacter.</p>

		</div>
					</div>

	

	<div id="col-1647611803" class="col medium-6 small-12 large-6"  >
				<div class="col-inner" style="background-color:rgb(57, 57, 57);" >
			
			

	<div id="text-922354407" class="text">
		

<p>Domaines d&rsquo;intervention</p>
<ul>
<li>Argovie</li>
<li>Appenzell Rhodes-Extérieures</li>
<li>Appenzell Rhodes-Intérieures</li>
<li>Bâle-Campagne</li>
<li>Bâle-Ville</li>
<li>Berne</li>
<li>Fribourg</li>
<li>Genève </li>
<li>Glaris</li>
<li>Grisons</li>
<li>Jura</li>
<li>Lucerne</li>
<li>Neuchâtel</li>
<li>Nidwald</li>
<li>Obwald</li>
<li>Schaffhouse</li>
<li>Schwytz</li>
<li>Soleure</li>
<li>Saint-Gall</li>
<li>Thurgovie</li>
<li>Uri</li>
<li>Vaud</li>
<li>Valais</li>
<li>Zoug</li>
<li>Zurich</li>
</ul>
		
<style>
#text-922354407 {
  color: rgb(255, 255, 255);
}
#text-922354407 > * {
  color: rgb(255, 255, 255);
}
</style>
	</div>
	

		</div>
				
<style>
#col-1647611803 > .col-inner {
  padding: 2.0rem 2.0rem 2.0rem 2.0rem;
}
</style>
	</div>

	

</div>
	<div id="gap-756283275" class="gap-element clearfix" style="display:block; height:auto;">
		
<style>
#gap-756283275 {
  padding-top: 4rem;
}
</style>
	</div>
	


		</div>

		
<style>
#section_1509083117 {
  padding-top: 30px;
  padding-bottom: 30px;
}
</style>
	</section>
	
	<section class="section" id="section_1526682928">
		<div class="bg section-bg fill bg-fill  bg-loaded" >

			
			
			

		</div>

		

		<div class="section-content relative">
			

<div class="row"  id="row-1591723953">


	<div id="col-2085095005" class="col small-12 large-12"  >
				<div class="col-inner"  >
			
			

	<div class="img has-hover x md-x lg-x y md-y lg-y" id="image_1824322346">
								<div class="img-inner dark" >
			<img loading="lazy" decoding="async" width="1020" height="647" src="https://parkon.ch/fr/wp-content/uploads/sites/2/2025/01/Bild2-1024x650.png" class="attachment-large size-large" alt="" srcset="https://parkon.ch/fr/wp-content/uploads/sites/2/2025/01/Bild2-1024x650.png 1024w, https://parkon.ch/fr/wp-content/uploads/sites/2/2025/01/Bild2-300x190.png 300w, https://parkon.ch/fr/wp-content/uploads/sites/2/2025/01/Bild2-768x487.png 768w, https://parkon.ch/fr/wp-content/uploads/sites/2/2025/01/Bild2.png 1497w" sizes="(max-width: 1020px) 100vw, 1020px" />						
					</div>
								
<style>
#image_1824322346 {
  width: 100%;
}
</style>
	</div>
	


		</div>
					</div>

	

</div>

		</div>

		
<style>
#section_1526682928 {
  padding-top: 30px;
  padding-bottom: 30px;
}
</style>
	</section>
	
	<section class="section" id="section_1370347331">
		<div class="bg section-bg fill bg-fill  bg-loaded" >

			
			
			

		</div>

		

		<div class="section-content relative">
			

<h2 style="text-align: center">Témoignages de certains de nos clients</h2>
<div class="row align-center"  id="row-1420749359">


	<div id="col-1423221891" class="col medium-4 small-12 large-4"  >
				<div class="col-inner"  >
			
			

	<div class="img has-hover x md-x lg-x y md-y lg-y" id="image_945190020">
								<div class="img-inner dark" >
			<img loading="lazy" decoding="async" width="316" height="178" src="https://parkon.ch/fr/wp-content/uploads/sites/2/2022/06/Logo_Sportanlage_Erlen-1.png" class="attachment-large size-large" alt="" srcset="https://parkon.ch/fr/wp-content/uploads/sites/2/2022/06/Logo_Sportanlage_Erlen-1.png 316w, https://parkon.ch/fr/wp-content/uploads/sites/2/2022/06/Logo_Sportanlage_Erlen-1-300x169.png 300w" sizes="(max-width: 316px) 100vw, 316px" />						
					</div>
								
<style>
#image_945190020 {
  width: 100%;
}
</style>
	</div>
	

	<div id="text-2830056071" class="text">
		

<h4>Centre sportif d&rsquo;Erlen</h4>
		
<style>
#text-2830056071 {
  text-align: center;
}
</style>
	</div>
	
	<div id="text-2228108611" class="text">
		

<p>Sympathique et professionnel &#8211; Grâce à Parkon, notre règlement de parking est appliqué de manière professionnelle, sans attiser de conflits potentiels entre nos clients et nos collaborateurs.</p>
<p>Nous sommes heureux que ce partenariat fonctionne aussi bien et de cette façon claire et simple, cela nous permet de nous occuper de nos activités principales, le reste étant ainsi géré par la Société Parkon.</p>
		
<style>
#text-2228108611 {
  text-align: center;
}
</style>
	</div>
	

		</div>
				
<style>
#col-1423221891 > .col-inner {
  padding: 1rem 1rem 1rem 1rem;
}
</style>
	</div>

	

	<div id="col-342464194" class="col medium-4 small-12 large-4"  >
				<div class="col-inner"  >
			
			

	<div class="img has-hover x md-x lg-x y md-y lg-y" id="image_1400872500">
								<div class="img-inner dark" >
			<img loading="lazy" decoding="async" width="316" height="178" src="https://parkon.ch/fr/wp-content/uploads/sites/2/2022/06/Logo_Bad_Schinznach-1.png" class="attachment-large size-large" alt="" srcset="https://parkon.ch/fr/wp-content/uploads/sites/2/2022/06/Logo_Bad_Schinznach-1.png 316w, https://parkon.ch/fr/wp-content/uploads/sites/2/2022/06/Logo_Bad_Schinznach-1-300x169.png 300w" sizes="(max-width: 316px) 100vw, 316px" />						
					</div>
								
<style>
#image_1400872500 {
  width: 100%;
}
</style>
	</div>
	

	<div id="text-1037629805" class="text">
		

<h4>Bad Schninznach</h4>
		
<style>
#text-1037629805 {
  text-align: center;
}
</style>
	</div>
	
	<div id="text-1887354646" class="text">
		

<p>L&rsquo;application de Parkon (contrôle de nos différents parkings) nous donne la possibilité de faire respecter le règlement de stationnement sur notre site.</p>
<p>Elle est très simple d&rsquo;utilisation et, grâce à cette possibilité de saisir des images (véhicules, lieux, sites) et d&rsquo;attribuer directement le formulaire de dédommagement (UE) saisi au moyen d&rsquo;un code QR, la situation de départ est claire et ne nécessite pas de clarifications supplémentaires.</p>
		
<style>
#text-1887354646 {
  text-align: center;
}
</style>
	</div>
	

		</div>
				
<style>
#col-342464194 > .col-inner {
  padding: 1rem 1rem 1rem 1rem;
}
</style>
	</div>

	

</div>

		</div>

		
<style>
#section_1370347331 {
  padding-top: 30px;
  padding-bottom: 30px;
}
</style>
	</section>
	
	<section class="section" id="section_861409244">
		<div class="bg section-bg fill bg-fill  " >

			
			
			

		</div>

		

		<div class="section-content relative">
			


		</div>

		
<style>
#section_861409244 {
  padding-top: 30px;
  padding-bottom: 30px;
  min-height: 20rem;
}
#section_861409244 .section-bg.bg-loaded {
  background-image: url(https://parkon.ch/fr/wp-content/uploads/sites/2/2022/06/image4.png);
}
</style>
	</section>
